 k(s). What is m(5)?
7
Let f(y) be the second derivative of y**6/144 - y**5/120 - y**4/6 + y. Let m(h) be the third derivative of f(h). Suppose -2*n + 3*n = -1. What is m(n)?
-6
Let z(a) = -a - 5. Let m be z(-7). Let b(v) = -v**2 - v - v**2 + 2*v**2 - v**m + 1. Let g(i) = i**3 - 7*i**2 + i - 10. Let n be g(7). Give b(n).
-5
Let q(s) = -s**2. Let y(k) = -k**3 + 2*k**2 + 3*k + 2. Let v(g) = 2*q(g) + y(g). Calculate v(-2).
4
Let l be ((-9)/(-3) - 5)/2. Let d = -1 + l. Let f(g) = -g**3 + 2*g + 1. What is f(d)?
5
Let b(x) = 41 - 42 - 10*x + 2*x. Determine b(1).
-9
Let k(l) = -l**3 + l**2 - 1. Let m(w) = 3*w**3 + 3*w**2 + 4*w - 2. Let v(j) = 2*k(j) + m(j). What is v(-4)?
-4
Let u(s) be the third derivative of -7/24*s**4 + 0 + 2*s**2 + 0*s + 0*s**3. Give u(1).
-7
Let h(t) = -3*t**2 + 3*t - 3. Let y(c) = c**2 + 3*c. Let f be y(-3). Suppose -5*n + 3 + 7 = f. What is h(n)?
-9
Let l(p) = p**2 - 5*p. Suppose -5*k + j - 22 = 0, 3*k + 5 - 3 = -5*j. Let y = k - -9. Suppose 0 = -y*g + 5 + 20. Determine l(g).
0
Let k(b) = -b**3 + b**2 - 1. Let y(h) = 30*h**3 - 3*h**2 - h + 5. Let u(t) = -4*k(t) - y(t). Calculate u(1).
-27
Suppose -2*r + 4*y + 6 = 0, -r - 7 = 4*y - y. Let i = -4 - r. Let z(t) = 3*t + 9. Let w(k) = k + 3. Let j(l) = -17*w(l) + 6*z(l). Give j(i).
0
Let l(u) = u - 10. Let n be 76/18 + (-6)/27. Let s = 1 + n. Calculate l(s).
-5
Suppose -20 = -0*g - 4*g. Let i be 2*(-1)/2 + g. Let x(d) = 4*d**2 + 2. Let z(s) = 3*s**2 - s + 2. Let m(k) = 2*x(k) - 3*z(k). Give m(i).
-6
Let v(i) = -2*i**3 - i**2 - 1. Let x be -4*2/3 + 86/129. What is v(x)?
11
Let r(l) = -2*l**2 - 2*l + 2. Suppose 0 = p - 5*p. Suppose 0 = -2*x - 2*o, 3*o + p = 6. Determine r(x).
-2
Let g be 5/(-1)*1*-1. Let i = g + -3. Let v(j) = -j**3 + 5*j**2 - 2*j - 1. Determine v(i).
7
Suppose -a - m = -4*a + 16, -3*a + 13 = 2*m. Let q(y) be the second derivative of -y**4/12 + 5*y**3/6 - y**2/2 + 3*y. Give q(a).
-1
Let u be 1 + -2 + 4 - 1. Let r(h) = -h**2 - 2*h. Determine r(u).
-8
Suppose -4*h + 7 + 9 = 0. Let z(s) = -2*s + 1 + s**2 + 1 + 3*s**2 - s**3. What is z(h)?
-6
Suppose 2 = f - 5. Suppose 0 = 5*q - 6 - 14. Let w(i) = -f*i + 4*i + q + i. Determine w(5).
-6
Let q(n) = -n**3 - 5*n**2 + 5*n - 7. Let z be q(-6). Let r be z/1 + -1 - -2. Suppose r = 4*o - 0*o + 12. Let a(t) = -2*t**2 - 5*t - 2. What is a(o)?
-5
Let g(u) = u**3 - 4*u - 2*u**2 - 5*u + 8*u. Calculate g(3).
6
Let l(p) = p**3 + 6*p**2 + 4*p - 6. Suppose -4*m = 4*x + 12, -4*m - 24 = -4*x + m. Let u be (-60)/36*(4 - x). Determine l(u).
-1
Let u(q) = -q**3 - 3*q**2 - 4*q - 1. Suppose 5*b + 66 - 6 = 0. Let x be 2/8 + (-21)/b. Let j be (-2)/(-3*x/(-9)). Give u(j).
11
Let w(x) = -x**2 - 2 - 1 + 4*x**2 - 2*x**2. Suppose 2*i - 15 = 7*i. What is w(i)?
6
Let l(x) be the first derivative of x**3/3 - 7*x**2/2 - 2*x + 12. Give l(7).
-2
Let n(m) = -m**2 + 6*m - 4. Suppose -3*x + 15 = 2*l - 4*x, -5*x - 9 = l. Determine n(l).
-4
Let j(r) = 11*r - 2. Let m(c) = -7*c + 1. Let p(l) = -5*j(l) - 8*m(l). Suppose 0 = 6*y - 2*y. Suppose u + y*u = 0. Give p(u).
2
Let r(y) be the third derivative of 7*y**5/60 + y**3/6 - 2*y**2. Suppose 4*p - 4 = -0. Determine r(p).
8
Let u(b) = -b**3 - 6*b**2 - 7*b - 6. Suppose 3*c - 4 = c. Suppose 5 = -c*d - 5. Give u(d).
4
Suppose 112*x = 111*x - 6. Let r(o) = -o - 2. Give r(x).
4
Let g(k) = k**2 + k - 10. Let m = -17 + 17. Suppose 0 = -m*o + 7*o. What is g(o)?
-10
Let i(j) = j**2 + j - 11. Let l be 3 - -4*(-6)/8. Determine i(l).
-11
Let o(y) = y**3 + 7*y**2 + 7*y + 4. Let w be (-58)/10 - (-4)/5. What is o(w)?
19
Let l(u) be the second derivative of -u**3/6 + 2*u**2 - 4*u. Determine l(0).
4
Let h(q) be the third derivative of -q**7/2520 - q**6/360 - q**5/20 + 2*q**2. Let i(m) be the third derivative of h(m). Determine i(3).
-8
Let q(h) = -h. Let j be q(-12). Let f(z) = 9*z - j*z + 2 - 1. Calculate f(2).
-5
Let u(n) = 6*n + 4*n + 6 - 9*n - n**2. Determine u(0).
6
Let y(a) = -a**3 + 6*a**2 + a - 5. Let g be y(6). Let o be 2 - (-1 + g) - -1. Let h(v) = 1 - 272*v + 89*v + 94*v + 88*v. Calculate h(o).
-2
Let b(o) = 8*o + 6*o**2 - 5*o**2 - 2*o**2 + 8 + 5. Calculate b(9).
4
Let j(y) = y + y + y**2 + 1 - 4*y. Let a be 2 - 0*(-2)/(-4). Determine j(a).
1
Suppose -4 = -3*p + p. Let y(g) = -2*g + 1. Calculate y(p).
-3
Let b(a) = a**3 + 7*a**2 - 9*a - 6. Let r be (-6)/2*(88/(-3))/(-11). What is b(r)?
2
Let x(p) be the third derivative of -p**4/24 - 4*p**3/3 - 13*p**2. Give x(-7).
-1
Let t(k) = -k**3 - 6*k**2 + 2*k + 5. Let q(b) = b - 1. Let h be q(-5). Give t(h).
-7
Suppose z - 13 = -3*n, -12 = -3*z - 0*z. Let x(c) = -3*c + 3*c + n*c. Determine x(-2).
-6
Let b(s) be the first derivative of -s**4/12 - s**3/6 + 2*s**2 - s + 3. Let k(u) be the first derivative of b(u). Determine k(0).
4
Suppose 5*u + c = -c - 30, -5*c - 9 = -4*u. Let f = 1 - u. Let a(b) = -b**3 + 6*b**2 - 7*b + 6. Let o be a(f). Let q(d) = 2*d**2 + 6*d. Give q(o).
8
Let h(d) = -d**2 + 4 + 18*d - 21*d - 1. What is h(-5)?
-7
Let o(x) = x**3 + 6*x**2 - 8*x - 1. Suppose -k = -5*u - 3, 5*k + 11 = -3*u - 30. Give o(k).
6
Suppose -11*b + 13 = 2. Let y(v) = -12*v**3 + v**2 - 2*v + 1. What is y(b)?
-12
Let t = 19 - 21. Let o(b) = 5*b**2 - 1. Determine o(t).
19
Let m be 4/(-1 + 0) - (1 + 1). Let g(o) = o**3 + 7*o**2 + 4*o - 6. What is g(m)?
6
Let s(q) = 2 - 2 + 4430*q**3 - 4421*q**3. Determine s(1).
9
Let s(t) = -6 + 6 + 1 - t**2 + 3*t. Calculate s(2).
3
Suppose -3*l + 2*c + 2 = 0, -4*l + 4*c + 0 + 4 = 0. Suppose l*k = -k. Suppose -5 = -t + 4*s - k, -3*t - s - 11 = 0. Let b(q) = 2*q - 1. Give b(t).
-7
Let o(p) = -3*p + 3 + 2*p + 2. Suppose 0 = -2*s + i + 17, 4*s = -0*i - 5*i - 1. Give o(s).
-1
Let k(r) = 0*r**3 - 1 + 2*r**3 - 3*r**3 + 3*r. Let i = 94 + -92. Give k(i).
-3
Let q(x) = 1. Let l(o) = 5*o + 3. Let i(w) = l(w) - 2*q(w). Let f be i(1). Let v(c) = -c**2 + 6*c. Give v(f).
0
Let z(q) = q - 10. Let w be z(6). Let i = -3 - w. Let d(r) = 55*r - 2*r**3 + 2 - 57*r + r**2 - 1. Give d(i).
-2
Let q(p) = -p + 2*p + 3*p - 3. Suppose -x + 3*r = 9, -9 = 4*x - 2*x - 3*r. Suppose x = -4*v + 7 + 5. Calculate q(v).
9
Suppose 6 = 2*c, -4*k - 1 = -4*c + 23. Let n(v) = -v**3 + 3*v - 3. Give n(k).
15
Let j(n) = n**3 - 2*n**2 - 3*n + 3. Let w(r) = r - 1. Let g(u) = -j(u) - w(u). Let h(s) = s**3 - 4*s**2 + 3*s - 10. Let d be h(4). Determine g(d).
2
Let x(a) = a**2 + 6*a + 5. Let z = -13 + 23. Let p = 2 + -2. Suppose -2*v = -p*v + z. Determine x(v).
0
Let o(i) = 2*i + 4. Let y(t) = -1. Let c(z) = -o(z) - 5*y(z). What is c(-3)?
7
Suppose -5*v + 2*v + 2*o - 23 = 0, -3*v - 19 = -o. Let k(z) = -8*z**2 + 4*z - 4. Let a(d) = 9*d**2 - 5*d + 5. Let n(g) = v*a(g) - 6*k(g). Determine n(1).
3
Let p(u) = -7*u + 4. Let d = 6 - 0. Let h(w) = -w + 1. Let l(j) = d*h(j) - p(j). Let c = 8 - 13. Determine l(c).
-3
Let n = 11 - 7. Let l = n - 0. Let o(s) be the first derivative of -s**3/3 + 5*s**2/2 - s - 1. Give o(l).
3
Suppose -4*l = 0, 4*d - 87 + 15 = 2*l. Let k = 16 - d. Let i(g) = -g**2 - g + 2. Calculate i(k).
0
Suppose 21 = -13*f + 16*f. Let t(x) = -x**2 + 8*x + 5. Determine t(f).
12
Let b be -2 - (-2)/4*-4. Let u(f) = 17*f + 6. Let s(o) = -11*o - 4. Let j(w) = -8*s(w) - 5*u(w). Determine j(b).
-10
Let s(b) = b**3 + 2*b**3 - 4*b - 4 - b**2 - 4*b**3 + 1. Suppose -5 = 5*w - q, 0*q = -5*q - 25. Calculate s(w).
9
Suppose -4*m - 10 - 9 = 3*r, -3*m = 4*r + 23. Let u(q) = -q - 5. Calculate u(r).
0
Suppose 2*r + 4*p + 11 = -5, -4*r = 3*p + 22. Let z(x) = 4*x + 4. Determine z(r).
-12
Let u(d) = d**2 + 6*d + 7. Suppose -5*w = -4*w + 5. Determine u(w).
2
Let m(x) = 3 + 18*x**2 - 26*x**2 + 7*x**2. Determine m(3).
-6
Let r(n) = -n**3 - 6*n**2 - 4*n - 2. Let i = -234 + 330. Let u be 1/3 - i/18. Calculate r(u).
-7
Let x(v) be the first derivative of -v**4/24 + v**3/6 - 3*v**2/2 - 2. Let q(c) be the second derivative of x(c). Let w = 1 - -3. What is q(w)?
-3
Suppose -10 = -0*a - 5*a. Let t = -2 - -4. Let l(w) = -w**3 - w**2 + 3*w**a - 3*w**t. Determine l(-1).
0
Let h(l) be the second derivative of 0 + l**2 + 1/6*l**3 - 2*l. Determine h(-5).
-3
Suppose 0 = -4*b - 3 + 11. Let a(d) = -d + 6. Let l be (3 + 1)*(-18)/8. Let x(v) = -4*v + 25. Let n(r) = b*x(r) + l*a(r). Give n(-3).
-7
Let b(n) = -n**2 - 2*n + 4. Let x(z) = 4*z**2 + 2*z + 1. Let i be x(-1). What is b(i)?
-11
Suppose 4 + 2 = k. Let f(d) = -1 + d + 5*d - 3*d - 4*d. Gi